{"id":91,"date":"2024-11-10T13:00:06","date_gmt":"2024-11-10T13:00:06","guid":{"rendered":"https:\/\/patagoniachelofest.cl\/2025\/?page_id=91"},"modified":"2025-09-16T04:32:58","modified_gmt":"2025-09-16T04:32:58","slug":"aporta-aca","status":"publish","type":"page","link":"https:\/\/patagoniachelofest.cl\/2025\/aporta-aca\/","title":{"rendered":"Aporta aqu\u00ed"},"content":{"rendered":"<div  data-label=\"Cta\" data-id=\"cta-centered-section-grid-1\" data-category=\"cta\" class=\"cta-centered-section white-text cta-centered-section-grid-1\" id=\"cta-1\" style=\"background-image: none; background-color: rgb(35, 155, 45);\" data-ovid=\"ovid-cta-1-215\"> <div  class=\"gridContainer\"> <div  class=\"row\"> <div  class=\"cta-centered-section-col dynamic-color\" data-type=\"column\"> <h3  class=\"cta-centered-section-tite\">Tu aporte permitir\u00e1 apoyar la formaci\u00f3n de los chelistas de Chile.<\/h3> <p  class=\"cta-centered-section-text\"> Agrupaci\u00f3n Cultural de la Patagonia \n<br >Rut: 72.219.600-7\n<br >Cta. Cte. Banco Santander: 0-000-64-85667-7<br >Correo electr\u00f3nico: patagoniachelofest@gmail.com<\/p>  <\/div> <\/div> <\/div> <\/div><div  id=\"about-4\" class=\"about-text-grid-section\" style=\"background-color: #ffffff;\" data-label=\"About\" data-id=\"about-text-grid-section\" data-category=\"about\">\n<div  class=\"gridContainer\">\n<div  class=\"about-text-grid-innerrow\">\n<div  class=\"about-text-grid-textcol dynamic-color\" data-type=\"column\">\n<h5  class=\"\">PatagoniaCheloFest 2025<\/h5>\n<h3  class=\"\">Te necesitamos<span  class=\"span24\">&nbsp;Para hacer realidad&nbsp;<\/span>la&nbsp; versi\u00f3n 2026<\/h3>\n<p  class=\"\">ESTIMADAS AMIGAS Y AMIGOS DE PATAGONIA CHELOFEST<\/p>\n<p  class=\"\">Este 2026, queremos celebrar la 8ma edici\u00f3n del Patagonia CheloFest, el Festival de Chelo m\u00e1s austral del mundo, aqu\u00ed en Coyhaique, Chile<\/p>\n<p  class=\"\">Un esperanzado y agradecido saludo,<\/p>\n<p  class=\"\">Magdalena Rosas, Directora Ejecutiva<\/p>\n\n<\/div>\n<div  class=\"about-text-grid-rightgridcol\">\n<div  class=\"about-text-grid-rightgridrow flexbox-list\">\n<div  class=\"about-text-grid-imgcol\" style=\"background-image: url('https:\/\/patagoniachelofest.cl\/2025\/wp-content\/uploads\/2024\/11\/MG_3997-1024x683-1.jpg');\" data-bg=\"image\">&nbsp;<\/div>\n<div  class=\"about-text-grid-rightgridtextcol\" data-type=\"column\">\n<h5  class=\"\">Necesitamos tu apoyo<\/h5>\n<p  class=\"\">Durante los \u00faltimos 7a\u00f1os, hemos trabajado con infancias y juventudes, en un espacio donde pueden aprender y disfrutar de la m\u00fasica a trav\u00e9s del chelo, hemos compartido la magia de este hermoso instrumento<\/p>\n<\/div>\n<div  class=\"about-text-grid-rightgridtextcol\" data-type=\"column\">\n<h5  class=\"\">Enfrentamos un desaf\u00edo<\/h5>\n<p  class=\"\">Para la 8\u00b0 versi\u00f3n 2026 estamos enfrentando un desaf\u00edo:<\/p>\n<p  class=\"\"><span  style=\"font-family: verdana, geneva, sans-serif;\">\u00a1A\u00fan no contamos con financiamiento!<\/span><\/p>\n<\/div>\n<div  class=\"about-text-grid-imgcol2\" style=\"background-image: url('https:\/\/patagoniachelofest.cl\/2025\/wp-content\/uploads\/2024\/11\/MG_9523-scaled-1.jpg');\" data-bg=\"image\">&nbsp;<\/div>\n<\/div>\n<\/div>\n<\/div>\n<\/div>\n<\/div><div  id=\"content-4\" class=\"content-right-image-section content-image-right\" style=\"background-color: #f6f6f6; background-image: none;\" data-label=\"Content\" data-id=\"content-image-right\" data-category=\"content\" data-ovid=\"ovid-content-4-546\">\n<div  class=\"gridContainer\">\n<div  class=\"content-right-image-gridcol\">\n<div  class=\"content-right-image-textcol dynamic-color\" data-type=\"column\">\n<p  class=\"large_text\">Tu donaci\u00f3n puede ayudarnos a continuar esta maravillosa labor. Cada contribuci\u00f3n cuenta y permite que m\u00e1s infancias y j\u00f3venes accedan a la m\u00fasica y el arte.<\/p>\n<p  class=\"\">Estamos en el mes de noviembre y a\u00fan, cuando hemos presentado la iniciativa a todos los fondos concursables posibles, lamentablemente hasta hoy, ninguna de las dos actividades tiene financiamiento.<\/p>\n<p  class=\"\">Estamos convencidos como equipo que ninguna de las dos actividades debe suspenderse y queremos agradecer a quienes todav\u00eda conf\u00edan en nosotros: Embajada Suiza, Embajada Alemana, Universidad de Ays\u00e9n, Fundaci\u00f3n de Orquestas infantiles y juveniles de Chile. A todos nuestros participantes y donantes an\u00f3nimos.<\/p>\n<p  class=\"\">Con Bach en la Ruta, <a  class=\"\" href=\"https:\/\/www.instagram.com\/bachenlaruta\">https:\/\/www.instagram.com\/bachenlaruta\/<\/a> , hemos recorrido mas de 4.500 KM en tres a\u00f1os, haciendo conciertos de las primeras 3 Suites de Bach para violoncelo, desde Chait\u00e9n a Villa O\u2019Higgins, incluyendo las localidades argentinas de; Perito Moreno, Los Antiguos y Lago Posadas.<\/p>\n<\/div>\n<div  class=\"content-right-image-imgcol\" data-type=\"column\"><img  decoding=\"async\" class=\"custom-image\" src=\"https:\/\/patagoniachelofest.cl\/2025\/wp-content\/uploads\/2024\/11\/MG_4010a-1024x683-1.jpg\" alt=\"\"><\/div>\n<\/div>\n<\/div>\n<\/div><div  id=\"cta-2\" class=\"cta-centered-section white-text cta-centered-section-grid\" data-label=\"Cta\" data-id=\"cta-centered-section-grid\" data-category=\"cta\" style=\"background-image: none; background-color: rgb(33, 134, 196);\" data-ovid=\"ovid-cta-2-98\">\n<div  class=\"gridContainer\">\n<div  class=\"row\">\n<div  class=\"cta-centered-section-col dynamic-color\" data-type=\"column\">\n<h3  class=\"cta-centered-section-tite\">Su aporte permitir\u00e1 apoyar la formaci\u00f3n de los chelistas de Chile.<\/h3>\n<p  class=\"cta-centered-section-text\">Agrupaci\u00f3n Cultural de la Patagonia<\/p>\n<p  class=\"\">Rut: 72.219.600-7<\/p>\n<p  class=\"\">Cta. Cte. Banco Santander: 0-000-64-85667-7<\/p>\n<p  class=\"\">Correo electr\u00f3nico: patagoniachelofest@gmail.com<\/p>\n<\/div>\n<\/div>\n<\/div>\n<\/div><figure  class=\"wp-block-video\"><video  controls=\"\" src=\"https:\/\/patagoniachelofest.cl\/2025\/wp-content\/uploads\/2024\/11\/patagoniachelo_promo.mp4\"><\/video><\/figure>","protected":false},"excerpt":{"rendered":"<p>Tu aporte permitir\u00e1 apoyar la formaci\u00f3n de los chelistas de Chile. Agrupaci\u00f3n Cultural de la Patagonia Rut: 72.219.600-7 Cta. Cte. Banco Santander: 0-000-64-85667-7Correo electr\u00f3nico: patagoniachelofest@gmail.com PatagoniaCheloFest 2025 Te necesitamos&nbsp;Para hacer realidad&nbsp;la&nbsp; versi\u00f3n 2026 ESTIMADAS AMIGAS Y AMIGOS DE PATAGONIA CHELOFEST Este 2026, queremos celebrar la 8ma edici\u00f3n del Patagonia CheloFest, el Festival de Chelo m\u00e1s&hellip; <br \/> <a class=\"button small blue\" href=\"https:\/\/patagoniachelofest.cl\/2025\/blog\/2024\/11\/03\/hello-world\/\">Read more<\/a><\/p>\n","protected":false},"author":1,"featured_media":0,"parent":0,"menu_order":0,"comment_status":"closed","ping_status":"closed","template":"full-width-page.php","meta":{"footnotes":""},"class_list":["post-91","page","type-page","status-publish","hentry"],"_links":{"self":[{"href":"https:\/\/patagoniachelofest.cl\/2025\/wp-json\/wp\/v2\/pages\/91","targetHints":{"allow":["GET"]}}],"collection":[{"href":"https:\/\/patagoniachelofest.cl\/2025\/wp-json\/wp\/v2\/pages"}],"about":[{"href":"https:\/\/patagoniachelofest.cl\/2025\/wp-json\/wp\/v2\/types\/page"}],"author":[{"embeddable":true,"href":"https:\/\/patagoniachelofest.cl\/2025\/wp-json\/wp\/v2\/users\/1"}],"replies":[{"embeddable":true,"href":"https:\/\/patagoniachelofest.cl\/2025\/wp-json\/wp\/v2\/comments?post=91"}],"version-history":[{"count":28,"href":"https:\/\/patagoniachelofest.cl\/2025\/wp-json\/wp\/v2\/pages\/91\/revisions"}],"predecessor-version":[{"id":500,"href":"https:\/\/patagoniachelofest.cl\/2025\/wp-json\/wp\/v2\/pages\/91\/revisions\/500"}],"wp:attachment":[{"href":"https:\/\/patagoniachelofest.cl\/2025\/wp-json\/wp\/v2\/media?parent=91"}],"curies":[{"name":"wp","href":"https:\/\/api.w.org\/{rel}","templated":true}]}}